{"id":204,"date":"2025-02-24T17:06:49","date_gmt":"2025-02-24T17:06:49","guid":{"rendered":"https:\/\/protelect.es\/?page_id=204"},"modified":"2025-02-24T17:12:13","modified_gmt":"2025-02-24T17:12:13","slug":"torneado-de-precision","status":"publish","type":"page","link":"https:\/\/protelect.es\/index.php\/torneado-de-precision\/","title":{"rendered":"Torneado de Precisi\u00f3n"},"content":{"rendered":"\t\t<div data-elementor-type=\"wp-page\" data-elementor-id=\"204\" class=\"elementor elementor-204\">\n\t\t\t\t<div class=\"elementor-element elementor-element-2827fae e-flex e-con-boxed e-con e-parent\" data-id=\"2827fae\" data-element_type=\"container\">\n\t\t\t\t\t<div class=\"e-con-inner\">\n\t\t\t\t<div class=\"elementor-element elementor-element-18cd401 elementor-widget elementor-widget-heading\" data-id=\"18cd401\" data-element_type=\"widget\" data-widget_type=\"heading.default\">\n\t\t\t\t<div class=\"elementor-widget-container\">\n\t\t\t\t\t<h1 class=\"elementor-heading-title elementor-size-default\">Torneado de Precisi\u00f3n<\/h1>\t\t\t\t<\/div>\n\t\t\t\t<\/div>\n\t\t\t\t\t<\/div>\n\t\t\t\t<\/div>\n\t\t<div class=\"elementor-element elementor-element-856b75a e-flex e-con-boxed e-con e-parent\" data-id=\"856b75a\" data-element_type=\"container\">\n\t\t\t\t\t<div class=\"e-con-inner\">\n\t\t<div class=\"elementor-element elementor-element-c504f8b e-con-full e-flex e-con e-child\" data-id=\"c504f8b\" data-element_type=\"container\">\n\t\t\t\t<div class=\"elementor-element elementor-element-0ac870e elementor-widget elementor-widget-image\" data-id=\"0ac870e\" data-element_type=\"widget\" data-widget_type=\"image.default\">\n\t\t\t\t<div class=\"elementor-widget-container\">\n\t\t\t\t\t\t\t\t\t\t\t\t\t\t\t<img fetchpriority=\"high\" decoding=\"async\" width=\"800\" height=\"600\" src=\"https:\/\/protelect.es\/wp-content\/uploads\/2025\/02\/technology-tool-drive-machine-lathe-industry-997467-pxhere.com-1.jpg\" class=\"attachment-large size-large wp-image-206\" alt=\"torno\" srcset=\"https:\/\/protelect.es\/wp-content\/uploads\/2025\/02\/technology-tool-drive-machine-lathe-industry-997467-pxhere.com-1.jpg 800w, https:\/\/protelect.es\/wp-content\/uploads\/2025\/02\/technology-tool-drive-machine-lathe-industry-997467-pxhere.com-1-300x225.jpg 300w, https:\/\/protelect.es\/wp-content\/uploads\/2025\/02\/technology-tool-drive-machine-lathe-industry-997467-pxhere.com-1-768x576.jpg 768w\" sizes=\"(max-width: 800px) 100vw, 800px\" \/>\t\t\t\t\t\t\t\t\t\t\t\t\t\t\t<\/div>\n\t\t\t\t<\/div>\n\t\t\t\t<\/div>\n\t\t<div class=\"elementor-element elementor-element-ba0c07f e-con-full e-flex e-con e-child\" data-id=\"ba0c07f\" data-element_type=\"container\">\n\t\t\t\t<div class=\"elementor-element elementor-element-663e203 elementor-widget elementor-widget-heading\" data-id=\"663e203\" data-element_type=\"widget\" data-widget_type=\"heading.default\">\n\t\t\t\t<div class=\"elementor-widget-container\">\n\t\t\t\t\t<h2 class=\"elementor-heading-title elementor-size-default\">Precisi\u00f3n Milim\u00e9trica para Micro Mecanizados<\/h2>\t\t\t\t<\/div>\n\t\t\t\t<\/div>\n\t\t\t\t<div class=\"elementor-element elementor-element-f6f1dd9 elementor-widget elementor-widget-text-editor\" data-id=\"f6f1dd9\" data-element_type=\"widget\" data-widget_type=\"text-editor.default\">\n\t\t\t\t<div class=\"elementor-widget-container\">\n\t\t\t\t\t\t\t\t\t<p>Nuestro servicio de torneado de piezas peque\u00f1as est\u00e1 dise\u00f1ado para satisfacer las demandas de la micromec\u00e1nica, la electr\u00f3nica, la joyer\u00eda y otras industrias que requieren precisi\u00f3n extrema. Utilizamos tornos de precisi\u00f3n y herramientas de corte especializadas para garantizar acabados perfectos y tolerancias ajustadas en cada pieza.<\/p>\t\t\t\t\t\t\t\t<\/div>\n\t\t\t\t<\/div>\n\t\t\t\t<div class=\"elementor-element elementor-element-fec87e8 elementor-widget elementor-widget-heading\" data-id=\"fec87e8\" data-element_type=\"widget\" data-widget_type=\"heading.default\">\n\t\t\t\t<div class=\"elementor-widget-container\">\n\t\t\t\t\t<h2 class=\"elementor-heading-title elementor-size-default\">Capacidad y Potencia para Grandes Proyectos<\/h2>\t\t\t\t<\/div>\n\t\t\t\t<\/div>\n\t\t\t\t<div class=\"elementor-element elementor-element-24c740d elementor-widget elementor-widget-text-editor\" data-id=\"24c740d\" data-element_type=\"widget\" data-widget_type=\"text-editor.default\">\n\t\t\t\t<div class=\"elementor-widget-container\">\n\t\t\t\t\t\t\t\t\t<p>Contamos con tornos de gran capacidad y potencia para el mecanizado de piezas de gran tama\u00f1o utilizadas en la industria pesada, la construcci\u00f3n naval, la energ\u00eda y otros sectores. Nuestra experiencia y nuestra maquinaria nos permiten manejar proyectos complejos con eficiencia y precisi\u00f3n.<\/p>\t\t\t\t\t\t\t\t<\/div>\n\t\t\t\t<\/div>\n\t\t\t\t<\/div>\n\t\t\t\t\t<\/div>\n\t\t\t\t<\/div>\n\t\t\t\t<\/div>\n\t\t","protected":false},"excerpt":{"rendered":"<p>Torneado de Precisi\u00f3n Precisi\u00f3n Milim\u00e9trica para Micro Mecanizados Nuestro servicio de torneado de piezas peque\u00f1as est\u00e1 dise\u00f1ado para satisfacer las demandas de la micromec\u00e1nica, la electr\u00f3nica, la joyer\u00eda y otras industrias que requieren precisi\u00f3n extrema. Utilizamos tornos de precisi\u00f3n y herramientas de corte especializadas para garantizar acabados perfectos y tolerancias ajustadas en cada pieza. Capacidad [&hellip;]<\/p>\n","protected":false},"author":1,"featured_media":0,"parent":0,"menu_order":0,"comment_status":"closed","ping_status":"closed","template":"","meta":{"footnotes":""},"class_list":["post-204","page","type-page","status-publish","hentry"],"yoast_head":"<!-- This site is optimized with the Yoast SEO plugin v24.5 - https:\/\/yoast.com\/wordpress\/plugins\/seo\/ -->\n<title>Torneado de Precisi\u00f3n - Protelect Transformados<\/title>\n<meta name=\"robots\" content=\"index, follow, max-snippet:-1, max-image-preview:large, max-video-preview:-1\" \/>\n<link rel=\"canonical\" href=\"https:\/\/protelect.es\/index.php\/torneado-de-precision\/\" \/>\n<meta property=\"og:locale\" content=\"es_ES\" \/>\n<meta property=\"og:type\" content=\"article\" \/>\n<meta property=\"og:title\" content=\"Torneado de Precisi\u00f3n - Protelect Transformados\" \/>\n<meta property=\"og:description\" content=\"Torneado de Precisi\u00f3n Precisi\u00f3n Milim\u00e9trica para Micro Mecanizados Nuestro servicio de torneado de piezas peque\u00f1as est\u00e1 dise\u00f1ado para satisfacer las demandas de la micromec\u00e1nica, la electr\u00f3nica, la joyer\u00eda y otras industrias que requieren precisi\u00f3n extrema. Utilizamos tornos de precisi\u00f3n y herramientas de corte especializadas para garantizar acabados perfectos y tolerancias ajustadas en cada pieza. Capacidad [&hellip;]\" \/>\n<meta property=\"og:url\" content=\"https:\/\/protelect.es\/index.php\/torneado-de-precision\/\" \/>\n<meta property=\"og:site_name\" content=\"Protelect Transformados\" \/>\n<meta property=\"article:modified_time\" content=\"2025-02-24T17:12:13+00:00\" \/>\n<meta property=\"og:image\" content=\"https:\/\/protelect.es\/wp-content\/uploads\/2025\/02\/technology-tool-drive-machine-lathe-industry-997467-pxhere.com-1.jpg\" \/>\n\t<meta property=\"og:image:width\" content=\"800\" \/>\n\t<meta property=\"og:image:height\" content=\"600\" \/>\n\t<meta property=\"og:image:type\" content=\"image\/jpeg\" \/>\n<meta name=\"twitter:card\" content=\"summary_large_image\" \/>\n<meta name=\"twitter:label1\" content=\"Tiempo de lectura\" \/>\n\t<meta name=\"twitter:data1\" content=\"1 minuto\" \/>\n<script type=\"application\/ld+json\" class=\"yoast-schema-graph\">{\"@context\":\"https:\/\/schema.org\",\"@graph\":[{\"@type\":\"WebPage\",\"@id\":\"https:\/\/protelect.es\/index.php\/torneado-de-precision\/\",\"url\":\"https:\/\/protelect.es\/index.php\/torneado-de-precision\/\",\"name\":\"Torneado de Precisi\u00f3n - Protelect Transformados\",\"isPartOf\":{\"@id\":\"https:\/\/protelect.es\/#website\"},\"primaryImageOfPage\":{\"@id\":\"https:\/\/protelect.es\/index.php\/torneado-de-precision\/#primaryimage\"},\"image\":{\"@id\":\"https:\/\/protelect.es\/index.php\/torneado-de-precision\/#primaryimage\"},\"thumbnailUrl\":\"https:\/\/protelect.es\/wp-content\/uploads\/2025\/02\/technology-tool-drive-machine-lathe-industry-997467-pxhere.com-1.jpg\",\"datePublished\":\"2025-02-24T17:06:49+00:00\",\"dateModified\":\"2025-02-24T17:12:13+00:00\",\"breadcrumb\":{\"@id\":\"https:\/\/protelect.es\/index.php\/torneado-de-precision\/#breadcrumb\"},\"inLanguage\":\"es\",\"potentialAction\":[{\"@type\":\"ReadAction\",\"target\":[\"https:\/\/protelect.es\/index.php\/torneado-de-precision\/\"]}]},{\"@type\":\"ImageObject\",\"inLanguage\":\"es\",\"@id\":\"https:\/\/protelect.es\/index.php\/torneado-de-precision\/#primaryimage\",\"url\":\"https:\/\/protelect.es\/wp-content\/uploads\/2025\/02\/technology-tool-drive-machine-lathe-industry-997467-pxhere.com-1.jpg\",\"contentUrl\":\"https:\/\/protelect.es\/wp-content\/uploads\/2025\/02\/technology-tool-drive-machine-lathe-industry-997467-pxhere.com-1.jpg\",\"width\":800,\"height\":600,\"caption\":\"torno\"},{\"@type\":\"BreadcrumbList\",\"@id\":\"https:\/\/protelect.es\/index.php\/torneado-de-precision\/#breadcrumb\",\"itemListElement\":[{\"@type\":\"ListItem\",\"position\":1,\"name\":\"Portada\",\"item\":\"https:\/\/protelect.es\/\"},{\"@type\":\"ListItem\",\"position\":2,\"name\":\"Torneado de Precisi\u00f3n\"}]},{\"@type\":\"WebSite\",\"@id\":\"https:\/\/protelect.es\/#website\",\"url\":\"https:\/\/protelect.es\/\",\"name\":\"Protelect Transformados\",\"description\":\"Empresa dedicada al mecanizado de precisi\u00f3n. Creada para abastecer las necesidades del sector aeroespacial y electr\u00f3nica.\",\"publisher\":{\"@id\":\"https:\/\/protelect.es\/#organization\"},\"potentialAction\":[{\"@type\":\"SearchAction\",\"target\":{\"@type\":\"EntryPoint\",\"urlTemplate\":\"https:\/\/protelect.es\/?s={search_term_string}\"},\"query-input\":{\"@type\":\"PropertyValueSpecification\",\"valueRequired\":true,\"valueName\":\"search_term_string\"}}],\"inLanguage\":\"es\"},{\"@type\":\"Organization\",\"@id\":\"https:\/\/protelect.es\/#organization\",\"name\":\"Protelect Transformados\",\"url\":\"https:\/\/protelect.es\/\",\"logo\":{\"@type\":\"ImageObject\",\"inLanguage\":\"es\",\"@id\":\"https:\/\/protelect.es\/#\/schema\/logo\/image\/\",\"url\":\"https:\/\/protelect.es\/wp-content\/uploads\/2025\/01\/cropped-cropped-Protelect-logo.jpg\",\"contentUrl\":\"https:\/\/protelect.es\/wp-content\/uploads\/2025\/01\/cropped-cropped-Protelect-logo.jpg\",\"width\":703,\"height\":228,\"caption\":\"Protelect Transformados\"},\"image\":{\"@id\":\"https:\/\/protelect.es\/#\/schema\/logo\/image\/\"}}]}<\/script>\n<!-- \/ Yoast SEO plugin. -->","yoast_head_json":{"title":"Torneado de Precisi\u00f3n - Protelect Transformados","robots":{"index":"index","follow":"follow","max-snippet":"max-snippet:-1","max-image-preview":"max-image-preview:large","max-video-preview":"max-video-preview:-1"},"canonical":"https:\/\/protelect.es\/index.php\/torneado-de-precision\/","og_locale":"es_ES","og_type":"article","og_title":"Torneado de Precisi\u00f3n - Protelect Transformados","og_description":"Torneado de Precisi\u00f3n Precisi\u00f3n Milim\u00e9trica para Micro Mecanizados Nuestro servicio de torneado de piezas peque\u00f1as est\u00e1 dise\u00f1ado para satisfacer las demandas de la micromec\u00e1nica, la electr\u00f3nica, la joyer\u00eda y otras industrias que requieren precisi\u00f3n extrema. Utilizamos tornos de precisi\u00f3n y herramientas de corte especializadas para garantizar acabados perfectos y tolerancias ajustadas en cada pieza. Capacidad [&hellip;]","og_url":"https:\/\/protelect.es\/index.php\/torneado-de-precision\/","og_site_name":"Protelect Transformados","article_modified_time":"2025-02-24T17:12:13+00:00","og_image":[{"width":800,"height":600,"url":"https:\/\/protelect.es\/wp-content\/uploads\/2025\/02\/technology-tool-drive-machine-lathe-industry-997467-pxhere.com-1.jpg","type":"image\/jpeg"}],"twitter_card":"summary_large_image","twitter_misc":{"Tiempo de lectura":"1 minuto"},"schema":{"@context":"https:\/\/schema.org","@graph":[{"@type":"WebPage","@id":"https:\/\/protelect.es\/index.php\/torneado-de-precision\/","url":"https:\/\/protelect.es\/index.php\/torneado-de-precision\/","name":"Torneado de Precisi\u00f3n - Protelect Transformados","isPartOf":{"@id":"https:\/\/protelect.es\/#website"},"primaryImageOfPage":{"@id":"https:\/\/protelect.es\/index.php\/torneado-de-precision\/#primaryimage"},"image":{"@id":"https:\/\/protelect.es\/index.php\/torneado-de-precision\/#primaryimage"},"thumbnailUrl":"https:\/\/protelect.es\/wp-content\/uploads\/2025\/02\/technology-tool-drive-machine-lathe-industry-997467-pxhere.com-1.jpg","datePublished":"2025-02-24T17:06:49+00:00","dateModified":"2025-02-24T17:12:13+00:00","breadcrumb":{"@id":"https:\/\/protelect.es\/index.php\/torneado-de-precision\/#breadcrumb"},"inLanguage":"es","potentialAction":[{"@type":"ReadAction","target":["https:\/\/protelect.es\/index.php\/torneado-de-precision\/"]}]},{"@type":"ImageObject","inLanguage":"es","@id":"https:\/\/protelect.es\/index.php\/torneado-de-precision\/#primaryimage","url":"https:\/\/protelect.es\/wp-content\/uploads\/2025\/02\/technology-tool-drive-machine-lathe-industry-997467-pxhere.com-1.jpg","contentUrl":"https:\/\/protelect.es\/wp-content\/uploads\/2025\/02\/technology-tool-drive-machine-lathe-industry-997467-pxhere.com-1.jpg","width":800,"height":600,"caption":"torno"},{"@type":"BreadcrumbList","@id":"https:\/\/protelect.es\/index.php\/torneado-de-precision\/#breadcrumb","itemListElement":[{"@type":"ListItem","position":1,"name":"Portada","item":"https:\/\/protelect.es\/"},{"@type":"ListItem","position":2,"name":"Torneado de Precisi\u00f3n"}]},{"@type":"WebSite","@id":"https:\/\/protelect.es\/#website","url":"https:\/\/protelect.es\/","name":"Protelect Transformados","description":"Empresa dedicada al mecanizado de precisi\u00f3n. Creada para abastecer las necesidades del sector aeroespacial y electr\u00f3nica.","publisher":{"@id":"https:\/\/protelect.es\/#organization"},"potentialAction":[{"@type":"SearchAction","target":{"@type":"EntryPoint","urlTemplate":"https:\/\/protelect.es\/?s={search_term_string}"},"query-input":{"@type":"PropertyValueSpecification","valueRequired":true,"valueName":"search_term_string"}}],"inLanguage":"es"},{"@type":"Organization","@id":"https:\/\/protelect.es\/#organization","name":"Protelect Transformados","url":"https:\/\/protelect.es\/","logo":{"@type":"ImageObject","inLanguage":"es","@id":"https:\/\/protelect.es\/#\/schema\/logo\/image\/","url":"https:\/\/protelect.es\/wp-content\/uploads\/2025\/01\/cropped-cropped-Protelect-logo.jpg","contentUrl":"https:\/\/protelect.es\/wp-content\/uploads\/2025\/01\/cropped-cropped-Protelect-logo.jpg","width":703,"height":228,"caption":"Protelect Transformados"},"image":{"@id":"https:\/\/protelect.es\/#\/schema\/logo\/image\/"}}]}},"_links":{"self":[{"href":"https:\/\/protelect.es\/index.php\/wp-json\/wp\/v2\/pages\/204","targetHints":{"allow":["GET"]}}],"collection":[{"href":"https:\/\/protelect.es\/index.php\/wp-json\/wp\/v2\/pages"}],"about":[{"href":"https:\/\/protelect.es\/index.php\/wp-json\/wp\/v2\/types\/page"}],"author":[{"embeddable":true,"href":"https:\/\/protelect.es\/index.php\/wp-json\/wp\/v2\/users\/1"}],"replies":[{"embeddable":true,"href":"https:\/\/protelect.es\/index.php\/wp-json\/wp\/v2\/comments?post=204"}],"version-history":[{"count":4,"href":"https:\/\/protelect.es\/index.php\/wp-json\/wp\/v2\/pages\/204\/revisions"}],"predecessor-version":[{"id":210,"href":"https:\/\/protelect.es\/index.php\/wp-json\/wp\/v2\/pages\/204\/revisions\/210"}],"wp:attachment":[{"href":"https:\/\/protelect.es\/index.php\/wp-json\/wp\/v2\/media?parent=204"}],"curies":[{"name":"wp","href":"https:\/\/api.w.org\/{rel}","templated":true}]}}